 what is 23 + 117?
13a
In base 14, what is 19 + 13?
2c
In base 14, what is 1b3 - -2?
1b5
In base 3, what is 111 + 21022?
21210
In base 9, what is 418 - 38?
370
In base 10, what is -30 - -166?
136
In base 16, what is 1 - -2?
3
In base 13, what is 2711 - -5?
2716
In base 7, what is -342 - 36?
-411
In base 8, what is 3 + 467?
472
In base 7, what is 4 + 100?
104
In base 2, what is 100 + 1110010001?
1110010101
In base 8, what is 1 - 234?
-233
In base 11, what is -11 - 17?
-28
In base 9, what is -4 + 44?
40
In base 15, what is -392 + -5?
-397
In base 5, what is 21 - -410?
431
In base 10, what is 3 - 35?
-32
In base 6, what is -505 - 14?
-523
In base 10, what is -6 + 40?
34
In base 6, what is -105 - -45?
-20
In base 5, what is 0 - 31300?
-31300
In base 3, what is -20 + -221102?
-221122
In base 13, what is -4 + -22?
-26
In base 13, what is 1 - -54?
55
In base 7, what is 342 - 1?
341
In base 14, what is 19dd + -5?
19d8
In base 15, what is 76e + 0?
76e
In base 4, what is 2 - 131?
-123
In base 13, what is 1431 + -2?
142c
In base 14, what is -34 - -83?
4d
In base 3, what is 21221 - -2?
22000
In base 12, what is 6 + -166b?
-1665
In base 8, what is -5 + -6?
-13
In base 13, what is 2 - -71?
73
In base 12, what is -81 + -3?
-84
In base 4, what is 13 - -20133?
20212
In base 5, what is 101 + -13?
33
In base 9, what is -6 + -1156?
-1163
In base 11, what is 3 + 38?
40
In base 3, what is 2 - -21121100?
21121102
In base 10, what is -1182 + 0?
-1182
In base 7, what is 4356 - -1?
4360
In base 9, what is 68 + -14?
54
In base 11, what is 596 - -31?
617
In base 10, what is -620 + -5?
-625
In base 12, what is -a8 + 1?
-a7
In base 3, what is 112 - 210?
-21
In base 2, what is -11010 + 1001001?
101111
In base 5, what is -13 + 134?
121
In base 16, what is -fb7 + 2?
-fb5
In base 16, what is -8 - 16?
-1e
In base 13, what is 1 - 20b?
-20a
In base 9, what is -162 - 5?
-167
In base 8, what is 17 - 1053?
-1034
In base 7, what is 11 + -33?
-22
In base 3, what is -1 + 2020?
2012
In base 14, what is -7 + -88?
-91
In base 2, what is -1011111001 + -1?
-1011111010
In base 16, what is 5 - 35?
-30
In base 13, what is -1a0 - 0?
-1a0
In base 9, what is 1808 + 2?
1811
In base 5, what is 3 - -212?
220
In base 6, what is -30 + -144?
-214
In base 9, what is 2 - 5?
-3
In base 6, what is 1034 + 3?
1041
In base 15, what is -6c2 - 1?
-6c3
In base 10, what is 15809 + 1?
15810
In base 16, what is 7d + 3?
80
In base 10, what is 50 - -16?
66
In base 16, what is e7 + -8?
df
In base 6, what is 42 - -2?
44
In base 16, what is e + -158?
-14a
In base 5, what is 10 - -113010?
113020
In base 11, what is -3 - 49?
-51
In base 11, what is -103 + 0?
-103
In base 4, what is -1101 + -32?
-1133
In base 4, what is 11 - -20?
31
In base 15, what is -d - -39?
2b
In base 9, what is -25 - -8?
-16
In base 11, what is -9 - -4?
-5
In base 13, what is 1c7 + -2?
1c5
In base 11, what is -1 + -41?
-42
In base 9, what is 1740 - -2?
1742
In base 9, what is 3 - -3125?
3128
In base 16, what is 2c0 - -5?
2c5
In base 12, what is -8a + -5?
-93
In base 12, what is 25 - 5a?
-35
In base 7, what is 2 - -1?
3
In base 2, what is -10 - 101101?
-101111
In base 16, what is -22 + -6?
-28
In base 7, what is -3615 - 11?
-3626
In base 16, what is 5 + 86b?
870
In base 13, what is 3 - 612?
-60c
In base 13, what is 5 - -4a?
52
In base 7, what is -15 - 4?
-22
In base 10, what is 112 - 1?
111
In base 10, what is 4 + 83?
87
In base 7, what is 10 - -1?
11
In base 11, what is a9 - 2?
a7
In base 16, what is 59 + -4?
55
In base 8, what is 10 - 3664?
-3654
In base 7, what is -2 + -63?
-65
In base 4, what is 331 + 3?
1000
In base 16, what is -5c - -3?
-59
In base 6, what is 1341 + 1?
1342
In base 6, what is -22 - -101?
35
In base 11, what is -5 - 9?
-13
In base 6, what is 14 - -313?
331
In base 2, what is 111010110 - -100?
111011010
In base 5, what is -244 + -44?
-343
In base 6, what is -2 + -3?
-5
In base 7, what is 0 - -2663?
2663
In base 16, what is -7 - -107?
100
In base 6, what is 1223 - -13?
1240
In base 5, what is 4 - 120?
-111
In base 16, what is -1 + e2?
e1
In base 7, what is 24 + -4?
20
In base 14, what is 343 + -2?
341
In base 6, what is 13 - 12?
1
In base 5, what is 10 + -12340?
-12330
In base 14, what is 2 - -15?
17
In base 13, what is 64b - -3?
651
In base 14, what is -1d - -a3?
84
In base 4, what is 203211 + 3?
203220
In base 8, what is -22 - -4?
-16
In base 9, what is -11 - 6?
-17
In base 4, what is -2 + 101?
33
In base 9, what is 175 + 2?
177
In base 14, what is -3 + -41?
-44
In base 11, what is -5 - 53?
-58
In base 2, what is -101110001 + -1001?
-101111010
In base 8, what is 235 - -2?
237
In base 5, what is -22440 - 4?
-22444
In base 11, what is 9466 + -4?
9462
In base 12, what is -4 + 179?
175
In base 3, what is -221 - -112?
-102
In base 6, what is 515 + 4?
523
In base 14, what is -4 - -3c0?
3ba
In base 3, what is 10 + -222002?
-221222
In base 7, what is -5 - -3253?
3245
In base 15, what is c + 2?
e
In base 15, what is 8 - -1e?
27
In base 14, what is 2dd + 2?
301
In base 3, what is -12 - -1212?
1200
In base 9, what is 804 - -17?
822
In base 4, what is -10121 - -2?
-10113
In base 8, what is 6644 - -5?
6651
In base 10, what is -2038 - -5?
-2033
In base 6, what is 2210 - 22?
2144
In base 14, what is -d70 + 0?
-d70
In base 2, what is 1010110 + -1011101?
-111
In base 12, what is -1 - -1b6?
1b5
In base 2, what is 100 - 1011001?
-1010101
In base 14, what is -1 - 2340?
-2341
In base 4, what is 13301 - -3?
13310
In base 11, what is -138 + 0?
-138
In base 11, what is -719 - 1?
-71a
In base 6, what is 5 - -113?
122
In base 7, what is -631 + 4?
-624
In base 9, what is -54 - -2?
-52
In base 8, what is -1 - -12245?
12244
In base 14, what is 67 + 5?
6c
In base 13, what is 1 - -2c?
30
In base 5, what is -33 + -121?
-204
In base 3, what is 10 + 110201?
110211
In base 10, what is 117 - 5?
112
In base 10, what is -17 - 1172?
-1189
In base 14, what is 1b + -9?
12
In base 6, what is -31332 - -2?
-31330
In base 7, what is 3 + 2503?
2506
In base 3, what is 12 - 2002012?
-2002000
In base 13, what is 8 - 112?
-107
In base 4, what is -113 - -30?
-23
In base 8, what is 1243 + 5?
1250
In base 13, what is -1 + -2a8?
-2a9
In base 9, what is 5 + 1506?
1512
In base 6, what is 50 - -2?
52
In base 6, what is 20511 + 5?
20520
In base 15, what is c5 + -3?
c2
In base 4, what is 11 + -232?
-221
In base 4, what is 1 - 10131?
-10130
In base 9, what is 156 + -85?
61
In base 13, what is -324 + -9?
-330
In base 9, what is -177 + -7?
-185
In base 15, what is 0 - -9a?
9a
In base 8, what is 4 - 406?
-402
In base 8, what is 543 - 1?
542
In base 5, what is 13422 + -10?
13412
In base 11, what is 151 - 1?
150
In base 3, what is 11210 + 1?
11211
In base 10, what is -3 + 803?
800
In base 11, what is 22 + -59?
-37
In base 13, what is 1 - c7?
-c6
In base 12, what is -76 - -4?
-72
In base 12, what is 1 + 96a?
96b
In base 4, what is 123 - 3?
120
In base 6, what is -151 - 25?
-220
In base 5, what is -3 + -412?
-420
In base 6, what is 2 + 14034?
14040
In base 7, what is 441 - 1?
440
In base 4, what is -1120 + 0?
-1120
In base 12, what is -243 - 3?
-246
In base 8, what is 7251 - 5?
7244
In base 16, what is f - 1a9?
-19a
In base 7, what is 460 + 1?
461
In base 14, what is -2 - -39?
37
In base 15, what is 540 + -3?
53c
In base 12, what is -16 + 17?
1
In base 6, what is -1400 - 5?
-1405
In base 7, what is 10 - 20?
-10
In base 2, what is -10 + 111000000001?
110111111111
In base 12, what is -261 + -4?
-265
In base 9, what is 6 - -556?
563
In base 15, what is -3ec + -1?
-3ed
In base 2, what is -100 - 1011?
-1111
In base 9, what is 42 - 16?
25
In base 13, what is -4 - 6a?
-71
In base 4, what is -131 + -12?
-203
In base 2, what is 11 - 1101100110110?
-1101100110011
In base 5, what is 144321 + -3?
144313
In base 16, what is 1 + -87?
-86
In base 11, what is 3 - 406?
-403
In base 5, what is -2 + -1232?
-1234
In base 15, what is -10e - 5?
-114
In base 7, what is -12234 + -12?
-12246
In base 13, what is 3 - 117?
-114
In base 2, what is -1000110 - 1?
-1000111
In base 2, what is -10010010 - 1?
-10010011
In base 11, what is 5 - 57?
-52
In base 3, what is 201000 - 2?
200221
In base 10, what is -5 - -28?
23
In base 12, what is -4 + 1b6?
1b2
In base 6, what is -1213 - 42?
-1255
In base 11, what is 98 + 65?
152
In